eds digit of f?
0
Let p(q) be the third derivative of 37*q**5/4 - 7*q**4/24 - q**3 + 3*q**2 + 10. What is the units digit of p(-1)?
6
Suppose 5*v = 2*f + 65, -3*f - 17 = -v + 9. What is the tens digit of (4 + v)*2/10 + 228?
3
Let u = -2410 + 13002. What is the hundreds digit of u?
5
Let x(y) = 342*y - 50. Suppose 3*l - 4 = -9*i + 7*i, 5*l = -5*i + 5. What is the units digit of x(l)?
4
Let k(v) = 17*v**2 + 5*v + 140. What is the units digit of k(16)?
2
Suppose -70 = -8*c + 90. Suppose 2*r + 8*k - 3*k = 991, c = -4*k. What is the units digit of r?
8
Suppose 84 - 18 = 6*b. Let n be -5 - (b/9 + 18/(-81)). What is the tens digit of (-36)/(-54) - 428/n?
7
Let o be (-54)/72 - (-1)/4*-1. Let y(h) = -2*h**2 - 23*h + 2. Let z be y(-12). What is the tens digit of ((-428)/z)/(-2*o/5)?
0
Suppose t + 5*k = 10044, -3*t + 29731 = 5*k - 381. What is the units digit of t?
4
Let i(z) = -2 + 7*z**3 + 2*z - 11*z**3 - 10*z**3 - z**2. Suppose 4*h - 51 - 22 = -81. What is the tens digit of i(h)?
0
Suppose 2*q = -3*n + 5, -2*q - n - 1 = -8. Let s(g) = 63*g + 3. Let t be s(q). Suppose -5*a - 5 = -t. What is the units digit of a?
0
Suppose 0 = -37863*n + 37880*n - 156842. What is the thousands digit of n?
9
Let z = -101233 - -141847. Suppose -21*r = 21*r - z. What is the hundreds digit of r?
9
Suppose 19*f + 18 = 13*f. What is the hundreds digit of 496 - (-7 - f)/(-1)?
4
Let m = 474 - 136. Suppose 3 = b, n = -0*b - 4*b + m. What is the hundreds digit of n?
3
Let i = -24167 + 27239. What is the tens digit of i?
7
Let k(i) = 1481*i - 84. What is the thousands digit of k(3)?
4
Let u(f) = -f + 2. Let c be u(0). Let g(x) = 0*x + 4 + c + 25*x - 4. What is the units digit of g(5)?
7
Suppose 2*d = 4*q + 36472, 5*d - 24239 = -4*q + 67039. What is the hundreds digit of d?
2
Let y(b) = b**3 - 40*b**2 + 19*b - 116. What is the thousands digit of y(43)?
6
Let u(g) = g**2 + g. Let v be u(1). Let f be (105 - 99)*(4/3 - 1). Suppose 5*y = -q + 280, v*y - 4*q = -f*y + 248. What is the units digit of y?
7
Suppose -7810 = -5*m - 3*u + 8338, 9708 = 3*m + 5*u. What is the thousands digit of m?
3
Suppose -41415 - 7675 = -5*m. What is the units digit of m?
8
Suppose 434*q = 430*q + 1600. Suppose -2*r = 7*n - 3*n + 1020, 2*n + 3*r = -510. Let u = q + n. What is the tens digit of u?
4
Let q(k) = -112*k - 10 + 106*k - 1. Let x be q(8). What is the tens digit of 2/((-8)/(-181)) - x/(-236)?
4
Suppose -5*q - m - 118 = 0, -m + 16 = -3*q - 58. What is the units digit of (8 - -2)*4/(q/(-81))?
5
Suppose -6*n = -18 - 6. Suppose 21 = n*u + 1. Suppose -5*a = -w + 71 + 64, 2*a - 621 = -u*w. What is the tens digit of w?
2
Let p = 25184 - 12581. What is the ten thousands digit of p?
1
Suppose 0 = 4*w - 4*q - 16208, 0 = -395*w + 397*w - 3*q - 8100. What is the hundreds digit of w?
0
Suppose 3*m - 3*o - 207 - 33 = 0, o + 2 = 0. Suppose i = -14*n + 16*n - 53, 2*n = -4*i + m. What is the units digit of n?
9
Suppose -4*l = -926 - 906. Suppose 11*b + l = 5672. What is the units digit of b?
4
Let w(l) = l**3 - 4*l**2 - 5*l - 3. Let b be w(7). Suppose 4*j = -b - 51. Let p = j - -60. What is the tens digit of p?
2
What is the hundreds digit of -18*(-21)/378*18835?
8
Let a(j) = -j**3 + 12*j**2 - 7*j - 20. Let f be a(11). Suppose f*y = 21*y + 501. What is the tens digit of y?
6
Suppose 0 = -129*y + 403043 + 582259. What is the tens digit of y?
3
Suppose 0 = -4*c - 285*p + 284*p + 110076, 3*c - 82572 = 3*p. What is the units digit of c?
0
Suppose -27 = -4*l - 5*l. Suppose n + 35 + 42 = j, 2*n = l*j - 159. Let h = -32 - n. What is the tens digit of h?
4
Let f(h) = 4168*h + 478. What is the tens digit of f(10)?
5
Suppose -34*w + 31348 = -32300. What is the hundreds digit of w?
8
What is the tens digit of (-3)/6*1*27/(378/(-1007860))?
9
Let w = 352 + -188. Suppose -u - 2*p + 101 = -0*u, 0 = 3*p - 6. Let a = w - u. What is the units digit of a?
7
What is the units digit of (-2)/(-26) + 1600305/273?
2
Let n be (3 - 69)/(1 - 15/5). Let w = -25 + 11. Let a = n + w. What is the tens digit of a?
1
Suppose -133*w + 1370 = -123*w. Suppose -5361 = -140*q + w*q. What is the thousands digit of q?
1
Suppose -25 - 5 = -5*g. Suppose 3*t - 5*t = g*t. Suppose -2*s = -t*s - 232. What is the units digit of s?
6
Let v be (52 - 98)*(4 + -1)/1. Let d = v - -140. Suppose m = -d*j + 54, m - j + 279 = 6*m. What is the units digit of m?
6
Let j(r) = 2*r**3 - r**2 + 4*r + 3. Let g be j(-2). Let n = g + 28. Suppose d + n*a = 29, 3*d - 3*a + 8*a - 71 = 0. What is the units digit of d?
7
Let s be ((-2)/(-5) + (-7)/5)*2. What is the hundreds digit of 16/s - 1 - -1684?
6
Suppose -2*f + 7*r = 2*r - 3, -2*r + 2 = 0. What is the tens digit of (93/f)/(-12 - 873/(-72))?
8
Suppose -128*l + 100*l + 13636 = 0. What is the tens digit of l?
8
Let p(z) = 58*z**2 + 3*z - 150. What is the tens digit of p(11)?
0
Let v = -66 + 62. Let x be (v - 40/(-6))*(-1626)/4. What is the tens digit of 1 + (-17)/15 + x/(-30)?
3
Let j = 1967 - 1290. Let u = j + -370. What is the units digit of u?
7
Suppose 4179 = 4*k - 5*p, 1628 + 2561 = 4*k + 5*p. What is the hundreds digit of k?
0
Let r be (-2)/(-5) - (-1404)/90. Suppose 2*z + 2 = -5*i + 18, 2*i - 4*z - r = 0. Suppose 9*j - i*j - 265 = 0. What is the tens digit of j?
5
Let o = 7582 - 2393. What is the tens digit of o?
8
Let j(v) = -295*v - 7. Let r be j(2). Let p = 1059 + r. What is the units digit of p?
2
Let f be 6*5286/198 + 2/(-11). Let t(w) = -14*w - 5. Let m be t(4). Let p = m + f. What is the tens digit of p?
9
Suppose -5*a + 2*p - 4 = 0, 17 = -a + 5*p - 10*p. Let z be (-185)/a - 3/6. Suppose -2*x - w + z = -2*w, 3*x = w + 139. What is the units digit of x?
7
Let p = 517 - 517. Suppose 21*q - 19337 - 4309 = p. What is the tens digit of q?
2
Let x(g) = -4*g**2 + 4*g**2 - 14*g - 42 - g**2 + 35. Suppose -w = -0*w - b + 12, -w + 2*b - 12 = 0. What is the units digit of x(w)?
7
Let c = -57 - -64. Let i(a) = -3*a**2 - c*a**2 - a**3 + a - 8*a + 0*a**2 + 2. What is the tens digit of i(-10)?
7
Let u be (-5)/2*(-11)/(385/42). Suppose 20*c - 16*c + 2*a - 2766 = 0, -3485 = -5*c + u*a. What is the units digit of c?
4
Let m = 49 - 49. Suppose -2*t + 0*t + 662 = m. Suppose -107 = -6*s + t. What is the tens digit of s?
7
Let g(a) = 18*a - a**2 - 24 + 30*a + 28*a - 48*a. What is the tens digit of g(26)?
2
Let v = 262 - 252. Suppose 3*l - 3828 = 2*o, -7*o + 9 = -v*o. What is the hundreds digit of l?
2
Suppose -6*o + 3 + 15 = 0. Suppose -o*p + 16 - 1 = 0, 2*n - 5*p = -337. Let i = 316 + n. What is the units digit of i?
0
Let a(i) = -13311*i - 950. What is the thousands digit of a(-2)?
5
Let v = 48 - 48. Let l be (-2*110 + v)*(-16)/2. Suppose 3*y = -5*y + l. What is the tens digit of y?
2
Let u = -84418 - -129155. What is the hundreds digit of u?
7
Suppose 44*f - 47*f - 5*o = -126309, -5*f - 5*o = -210495. What is the hundreds digit of f?
0
Suppose 2*l - 4*l = -5*m + 19, 0 = -4*l + 12. Suppose 3*v + m*v = 4*v. Suppose v = 13*s - 762 - 174. What is the tens digit of s?
7
Suppose 4*f + 13442 = 2*o, 57*f = 61*f - 32. What is the tens digit of o?
3
Let n(v) = 339*v**3 + v**2 + 5. Let t be n(3). What is the hundreds digit of t/7 + (30/35)/2?
3
Let n = -2438 + 133. Let r = -1220 - n. What is the tens digit of r?
8
Suppose 2*v + 8 = -z + 3*z, 12 = v + 3*z. Suppose v = -4*m - 3*q - 100 + 508, -2*m = -3*q - 186. What is the units digit of m?
9
Suppose 63*i - 61*i - 3*t = 83982, 7*i = -3*t + 293937. What is the ten thousands digit of i?
4
What is the ten thousands digit of (-61)/((-305)/281300) - 10?
5
Let z(w) = -w**2 + 4*w + 15. Let k be (-1)/2*(-96)/8. Let b be z(k). Suppose 2*s + 990 = 4*d, -b*s - 1227 = -5*d - 4*s. What is the units digit of d?
6
Let c = -8 - -8. Suppose 5*i + 9 = -5*n - 6, c = n + 4*i + 12. Suppose 2*u + 0*u - 230 = n. What is the tens digit of u?
1
Let b(g) = -268*g - 148. Let s be b(-43). Suppose -s - 176 = -32*i. What is the units digit of i?
1
Let x be 2 + ((-2)/(-6) - (-4)/(-12)). Let y = x + 3. Suppose -y*m + 3*c + 916 = 0, -c - 60 - 122 = -m. What is the units digit of m?
5
Let h = 52 - 25. Let w be h/3*(-25)/(-15). What is the tens digit of (3 + 31)*w/6?
8
Let w(c) be the second derivative of 35*c**3/6 + 189*c**2/2 + 133*c. What is the units digit of w(25)?
4
Let j(b) = 3813*b**2 - 2*b - 2. Let w be j(-1). Suppose w =